6. Let z(i) = i**2 + 10*i + 45. List the prime factors of z(a).
3, 47
Suppose 137*m = 132*m + 1035. Suppose 3*k - 5*i = m, -373 = -5*k - 2*i + i. What are the prime factors of k?
2, 37
Let l(h) = -2*h**3 - 31*h**2 + 43*h + 36. What are the prime factors of l(-18)?
2, 3, 7
Let y = -25 - -25. Suppose y = 2*b + c - 228, 3*c = 3*b - 171 - 171. What are the prime factors of b?
2, 3, 19
Suppose 5*v = -2*c + 4, c - v + 3 = -2. Let j(p) be the second derivative of -p**5/20 - p**4/4 - p**3/6 + 2*p**2 + p. List the prime factors of j(c).
7
What are the prime factors of (-71877)/(-91) + 3/(-21)*-1?
2, 5, 79
Suppose 0 = -8*j + 4*j. Suppose -4*f - 4*r + r = -331, j = -3*f + r + 258. List the prime factors of f.
5, 17
Let w(i) = 7*i - 23. Let d be w(3). Let b = -14 + 39. Let p = b - d. What are the prime factors of p?
3
List the prime factors of 9*-34*(-5 - 88/12).
2, 3, 17, 37
Let l(x) = -x**3 + 11*x**2 + 3. Let j be l(11). Let h(w) = 14*w**2 + 2*w - 12. What are the prime factors of h(j)?
2, 3, 5
Let s be 494/117 + (-2)/9. Let a be 2 - (s + -3 + -1). Suppose -66 = -2*i - 4*x, 0 = i + 3*x - a*x - 31. What are the prime factors of i?
29
Let z = 4977 + -2257. What are the prime factors of z?
2, 5, 17
Let k = 12 + -18. Let u be (-10 - k)/((-4)/22). Let s = u - 13. What are the prime factors of s?
3
Suppose 15 = -4*z + 7*z. Suppose 0 = 4*p + b - 79, z*p - 105 = -0*b + 5*b. Suppose -83 = -3*n + f, n - 11 - p = f. What are the prime factors of n?
2, 13
Let n = -102 - 218. What are the prime factors of -2*1 - n/16?
2, 3
Suppose -1980 = 29*n - 31*n + 5*r, -5*r = -n + 980. What are the prime factors of n?
2, 5
Let x(w) = -4*w + 8. Let d be x(3). What are the prime factors of (-37569)/(-189) + d/(-18)?
199
Let x = -368 - -254. List the prime factors of ((-5)/3)/(2 - x/(-54)).
3, 5
Suppose 71*g + 12491 - 45790 = 0. What are the prime factors of g?
7, 67
Let n = 74 + -74. Suppose n*s = -s + 76. What are the prime factors of s?
2, 19
Suppose 0 = 3*b + 4*w - 5, -w = -2*b - 0*b - 15. List the prime factors of (-3)/15 - 196/b.
3, 13
Let k = 12 - 16. Let u be -4 + 3/(-6)*k. What are the prime factors of (-3)/u + 36/8?
2, 3
Suppose -5*m - 4755 = -5*h + 5645, -4*m = -h + 2092. What are the prime factors of h?
2, 3, 173
Let g(t) = t**3 + 2*t**2 - t - 1. Let q be g(-1). Let b = -1 + q. Suppose b = 5*u - 0*f + 5*f - 55, 5*u = -4*f + 59. List the prime factors of u.
3, 5
Let u = -547 - -585. What are the prime factors of u?
2, 19
Suppose 0 = -12*d - 0*d - 120. Suppose -3*l = -l - 10. What are the prime factors of ((-32)/d - 1)*l?
11
List the prime factors of 5/((-15)/2724)*13/(-26).
2, 227
Let y(d) = -226*d + 81. What are the prime factors of y(-3)?
3, 11, 23
Let j(l) = 54*l**2 + 46*l - 59. What are the prime factors of j(7)?
2909
Suppose 9*c + 4*c - 65 = 0. Suppose c*y - 71 = -3*h - 15, -2*h + 5*y + 29 = 0. List the prime factors of h.
17
Let c(i) = -i**2 + 9*i - 4. Let h be c(6). Suppose -2*f + h = 2. Let k(d) = 5*d - 7. List the prime factors of k(f).
23
Let f = 24 - 14. Let b(g) = g**3 - 9*g**2 - 11*g + 13. Let m be b(f). Let n = 12 + m. What are the prime factors of n?
3, 5
Let f be 129/1 + 4 + -1. Let s = f - 76. What are the prime factors of s?
2, 7
Suppose 0 = 5*n - 10, -5*j - 8*n + 13*n = -2330. List the prime factors of j.
2, 3, 13
Suppose 2*x - 6666 = -2*n, -1975 + 18680 = 5*x - 5*n. What are the prime factors of x?
47, 71
Suppose -8 = -4*d, -4*l - 5*d - 8 - 6 = 0. Let b(o) = 8*o + 4. Let h(a) = -2*a - 1. Let z(p) = b(p) + 5*h(p). What are the prime factors of z(l)?
11
Suppose -3*h - 4*p = -668, -6*h - 2*p + 1090 = -h. What are the prime factors of -4*(-9762)/h + (-4)/(-18)?
181
Suppose 57 = 3*i + 36. Suppose 4*u + 282 = i*u. List the prime factors of u.
2, 47
Suppose -s - 854 = -3215. What are the prime factors of s?
3, 787
Suppose 0*u - x - 14213 = -5*u, 2*u + 4*x = 5672. What are the prime factors of u?
2, 7, 29
Suppose 59 = -5*u + 2574. List the prime factors of u.
503
Let r = 195 + -107. Let o(c) = c**3 + 10*c**2 - 12. Let d be o(-10). What are the prime factors of 4/(-12) - r/d?
7
Let t(k) = k**2 - 9*k - 14. Let s be t(10). List the prime factors of 506/(-23)*10/s.
5, 11
Suppose 0 = -19*r + 21657 - 358. List the prime factors of r.
19, 59
What are the prime factors of 11 + 6772/6 - (-1)/3?
2, 3, 5, 19
Let g be ((-3)/3)/(-1)*-18. Let z be 0 - 3/1 - g. Let k = z - 11. What are the prime factors of k?
2
Let l be -6*(4/(-14))/((-39)/(-91)). Suppose 200 = 3*c + 2*v + 3*v, 0 = l*v + 20. What are the prime factors of c?
3, 5
Let m(s) = 2*s**2 + 5*s + 20. Let f = -24 - -10. Let o be m(f). List the prime factors of o/21 + 6/(-21).
2
Suppose -14*u = -21*u + 3066. What are the prime factors of u?
2, 3, 73
Let k(j) = -3*j - 4. Let t be k(-4). Let v be (-429)/26*t/(-6). Let u = 50 - v. What are the prime factors of u?
2, 7
Let h be (-2)/(-7) + (90/(-21) - -4). Suppose h = -z - 13 + 26. List the prime factors of z.
13
Suppose -k - 2*k + 4*n = -56, 4 = k - 5*n. Let r = 2 + k. What are the prime factors of r?
2, 13
List the prime factors of 604*1 - (-2 - (-28)/7).
2, 7, 43
Suppose -3*g - 34 = 3*m - 4*g, 4*m + 4*g = -24. Let w = 14 + m. Suppose w*s - 50 = -s. List the prime factors of s.
2, 5
Let v = -19 - -34. Let h = 15 - v. Suppose -5*y - 54 = -3*j, h = 6*j - 4*j + 5*y - 36. List the prime factors of j.
2, 3
Let f(g) = -g**3 - 5*g**2 + 3*g + 9. Let j(d) = -d**3 - 5*d**2 + 4*d + 8. Let n(h) = 6*f(h) - 5*j(h). List the prime factors of n(-7).
2, 3, 7
Let n = 0 - -5. Suppose -2*y = -3*u + 130, -y + 222 = n*u - 3*y. List the prime factors of u.
2, 23
Let b = -30 - -49. Let d(q) = -q**2 + 23*q + 8. List the prime factors of d(b).
2, 3, 7
Let s(b) = -1 + b**2 - 146*b + 140*b + 6. Let q be (-3)/(-1)*20/6. List the prime factors of s(q).
3, 5
Let q = -40 + 59. Let u = 10 + q. List the prime factors of u.
29
Suppose -27*i + 30*i + 3*q - 7494 = 0, -5*q = 3*i - 7492. What are the prime factors of i?
3, 7, 17
Let q(w) = 13 - 2*w**2 + 5*w - 12 + 3*w**2 - 9. Let x be q(-6). What are the prime factors of 279/(-3)*x/6?
31
Suppose -3*l = 2*l. Suppose -g + 1 = -l*g + o, -4*o - 12 = 0. Suppose 0*b - 216 = -4*h - g*b, 4*h - 191 = b. What are the prime factors of h?
7
Let t(i) = 1609*i**2 + 7*i - 6. What are the prime factors of t(1)?
2, 5, 7, 23
Let h = 61 + -13. Suppose 5*t + 0*a - 240 = -a, -t = -2*a - h. What are the prime factors of t?
2, 3
Suppose -1 - 41 = 2*f. What are the prime factors of 106*(f/6)/(-7)?
53
Suppose 0 = 164*f - 167*f + 4011. What are the prime factors of f?
7, 191
Let i(n) = 8*n**2 - 4*n. List the prime factors of i(-3).
2, 3, 7
Suppose 10*y - 4*c = 5*y - 1, -2*c = -5*y + 7. Suppose 0 = y*x, k + 45 + 18 = x. What are the prime factors of (-1379)/k - 3/(-27)?
2, 11
Suppose 2*x = x - 5*t + 19, -4*t = -x - 8. Suppose -3*p = -x*f - 13, -3*f = -2*p + 12 - 3. List the prime factors of ((-16)/(-32))/(f/(-106)).
53
What are the prime factors of 110/825 - (-3823)/15?
3, 5, 17
What are the prime factors of 14653/3 + 158/237?
5, 977
Let g(y) = y**3 - 10*y**2 + 11*y + 4. Let l be g(8). Suppose -o + 2*d + 9 = -2*d, 5*o - 30 = 5*d. List the prime factors of (-12)/60 - l/o.
7
Suppose -3 = 3*p, -2*p - 12 - 160 = -5*s. Suppose -4*u + 306 = -s. List the prime factors of u.
5, 17
Suppose -b + 4777 = 3*q, -4*q + 5*b = -3*q - 1619. List the prime factors of q.
2, 797
Let j(g) = g - 6. Let h be j(10). Suppose -r + 5*m + 37 = 0, r - 2*r + 32 = -h*m. List the prime factors of r.
2, 3
Let d = 1042 + -549. List the prime factors of d.
17, 29
Let p(j) = -8 - j**2 + 1 + 2 - 11*j. Let n be p(-6). Let f = n - 4. What are the prime factors of f?
3, 7
Suppose 4*i + 76 = -3*v, 24 + 74 = -4*v - 2*i. Let l(j) = -j**2 - 29*j - 1. List the prime factors of l(v).
7, 17
Suppose 4*v + 1286 = 17*b - 16*b, 0 = b + 2*v - 1268. What are the prime factors of b?
2, 7, 13
Let y be -5 + (-2)/3*-6. Let w be -2*(2 + (-6)/2). List the prime factors of y*6*(w + -3).
2, 3
Let n = -1 + -3. What are the prime factors of (-26 + n)*-1*1?
2, 3, 5
Let o(r) = -r**2 + 24*r - 23. Let p be o(22). Suppose -2*b + 51 = p. List the prime factors of b.
3, 5
Suppose -y + 4938 = y - 4*b, -y = b - 2457. What are the prime factors of y?
23, 107
Suppose 3*t + 2*l = 1135, 78 = 4*t + 3*l - 1437. Suppose -3*z - 4*v = -z - 360, 2*z + v = t. W